
10
Let b(m) = 5*m**3 + 1472*m**2 + 591*m + 877. Give b(-294).
-5
Let u(j) = j**3 + 8*j**2 - 71*j - 562. Give u(-9).
-4
Let n(m) = m**3 - 16*m**2 + 2*m + 358. Give n(15).
163
Let m(g) = 35*g + 870. Give m(-21).
135
Let n(b) = -b**3 + 13*b**2 - 20*b + 50. Calculate n(10).
150
Let j(k) = 2*k**2 + 184*k - 291. Calculate j(-93).
-105
Let c(w) = 30*w - 458. Give c(16).
22
Let x(d) = -d**2 + 73*d + 1518. Calculate x(-17).
-12
Let f(c) = -9*c + 29. Give f(-11).
128
Let t(p) = -p**3 - 8*p**2 + 44*p - 50. Determine t(-12).
-2
Let q(c) = -c**2 + 46*c + 1596. Give q(69).
9
Let h(w) = 10*w - 251. Determine h(31).
59
Let a(u) = -u**3 - 20*u**2 - 20*u - 69. What is a(-19)?
-50
Let g(w) = -3*w**3 - 7*w**2 + 11*w + 50. What is g(-7)?
659
Let a(v) = -v**3 + 3*v**2 + 108*v + 14. Give a(0).
14
Let f(t) = t**3 + 52*t**2 + 12*t + 628. Calculate f(-52).
4
Let c(f) = -6*f**3 + 95*f**2 + 67*f - 807. Determine c(16).
9
Let o(x) = -95*x + 861. Determine o(8).
101
Let q(f) = 11*f + 10. Calculate q(1).
21
Let i(b) = -b**3 + 70*b**2 - 68*b - 67. Determine i(69).
2
Let k(y) = -15*y + 18. Give k(-15).
243
Let l(j) = -154*j + 445. What is l(0)?
445
Let v(k) = -k**3 - 23*k**2 - 92*k - 16. Determine v(-5).
-6
Let x(d) = 270*d - 1884. Determine x(7).
6
Let y(s) = -2*s**2 + 153*s - 334. What is y(73)?
177
Let m(c) = c**3 - 12*c**2 + 3*c + 11. Determine m(7).
-213
Let u(o) = o**3 + 23*o**2 - 207*o + 62. Give u(-30).
-28
Let q(n) = 106*n + 5289. What is q(-50)?
-11
Let h(z) = -z**3 + 18*z**2 - 21*z - 127. Give h(16).
49
Let x(b) = -8*b**3 + 560*b**2 + b - 82. Calculate x(70).
-12
Let u(k) = k**3 + 16*k**2 + 23*k - 106. Calculate u(-14).
-36
Let s(a) = a**3 - 50*a**2 + 49*a - 5. Calculate s(49).
-5
Let v(t) = -8*t**3 - 113*t**2 - 25*t - 156. Give v(-14).
-2
Let v(q) = -q**2 + 16*q - 1. Calculate v(27).
-298
Let w(y) = -24*y - 314. What is w(20)?
-794
Let v(s) = 4*s**2 + 391*s + 1148. What is v(-3)?
11
Let h(p) = -94*p**2 + 368*p + 24. What is h(4)?
-8
Let w(o) = o**3 - 17*o**2 - 211*o + 208. Give w(25).
-67
Let n(z) = 39*z - 413. Determine n(11).
16
Let a(z) = -148*z**3 + 8*z**2 + 7*z - 2. What is a(-1)?
147
Let h(i) = i**3 - 13*i**2 + 22*i + 42. Determine h(9).
-84
Let j(w) = 128*w - 1814. Determine j(13).
-150
Let i(q) = -q**3 + 9*q**2 + 13*q - 200. Determine i(8).
-32
Let h(p) = p**2 + 39*p + 198. Calculate h(-33).
0
Let u(t) = 376*t + 28568. Give u(-76).
-8
Let o(a) = -11*a**2 - 44*a - 27. What is o(-3)?
6
Let z(g) = 2*g**2 - 99*g + 379. Give z(4).
15
Let s(w) = -w**2 - 21*w + 5. Determine s(-7).
103
Let i(v) = 2*v**2 + 43*v + 244. Give i(-7).
41
Let w(x) = x**3 - 9*x**2 + 212*x - 1919. What is w(9)?
-11
Let g(n) = n**2 + 56*n + 637. Calculate g(-40).
-3
Let k(h) = 46*h - 880. Determine k(19).
-6
Let o(a) = 3*a**2 - 364*a + 399. Determine o(120).
-81
Let u(k) = k**3 - k**2 - 2449*k + 46. Calculate u(-49).
-3
Let j(b) = -14*b**2 + 98*b + 688. Determine j(-8).
-992
Let y(z) = 174*z + 654. Calculate y(-4).
-42
Let w(f) = 5*f - 160. Determine w(31).
-5
Let l(k) = -k**3 - 12*k**2 - 50*k - 431. Calculate l(-11).
-2
Let m(f) = f**3 - 18*f**2 + 38*f - 28. Calculate m(12).
-436
Let y(k) = 6*k + 6. Give y(-2).
-6
Let k(o) = o**3 - 14*o**2 + 53*o - 114. Give k(10).
16
Let x(c) = -c**2 - 24*c - 88. What is x(-16)?
40
Let h(b) = -b**3 - 25*b**2 - b - 49. Determine h(-25).
-24
Let n(o) = -54*o - 831. What is n(-18)?
141
Let j(p) = p**3 + 25*p**2 + 28*p + 702. Give j(-25).
2
Let t(z) = 115*z + 150. Give t(-2).
-80
Let o(l) = 8*l - 182. Determine o(-32).
-438
Let s(n) = -7039*n + 63353. What is s(9)?
2
Let z(b) = 2*b**3 + 4*b**2 - 24*b - 22. Determine z(3).
-4
Let l(f) = f**2 + 985*f - 6956. Calculate l(7).
-12
Let j(a) = -93*a**3 + a**2 - a - 1. Determine j(-1).
94
Let b(d) = -d**3 - d**2 + 108*d - 210. Determine b(8).
78
Let s(b) = -b**3 - 9*b**2 - 12*b - 21. What is s(-5)?
-61
Let c(p) = -11*p - 56. Calculate c(-5).
-1
Let q(l) = -2*l**2 + 199*l - 4815. What is q(41)?
-18
Let h(o) = o**2 - 46*o + 474. What is h(30)?
-6
Let i(t) = 2066*t - 14440. Give i(7).
22
Let x(l) = -2*l**3 - 66*l**2 + 217*l. Give x(3).
3
Let c(i) = -93*i**2 - 9*i + 2. What is c(1)?
-100
Let k(j) = -28*j - 106. Give k(-4).
6
Let r(l) = 75*l + 8050. Determine r(-107).
25
Let y(o) = 25*o**2 + 2. Determine y(1).
27
Let m(d) = d**3 + 53*d**2 + 315*d - 50. What is m(-7)?
-1
Let x(b) = 101*b + 16. Give x(-3).
-287
Let o(a) = -a**2 + 120*a + 1435. Determine o(131).
-6
Let v(d) = -7*d**2 - 615*d - 453. Give v(-87).
69
Let w(k) = k**2 - 540*k - 17095. What is w(-30)?
5
Let s(x) = -x**3 + 4*x**2 + 199*x - 1329. What is s(8)?
7
Let d(n) = -84*n - 495. Give d(-8).
177
Let l(q) = -53*q - 268. What is l(-5)?
-3
Let o(j) = j**3 - 18*j**2 + 67*j - 31. Calculate o(13).
-5
Let n(y) = 105*y + 3986. What is n(-38)?
-4
Let m(z) = z**3 - 3*z**2 - 63*z - 113. Determine m(-5).
2
Let x(h) = -456*h**2 + 23*h + 22. Determine x(-1).
-457
Let g(m) = 233*m - 8598. Calculate g(37).
23
Let o(q) = -q**3 - 18*q**2 + 5*q + 387. Determine o(-17).
13
Let o(a) = -a**3 + 13*a**2 + 4*a - 107. Determine o(4).
53
Let n(p) = p**3 - 10*p**2 - 24*p + 53. Give n(11).
-90
Let v(m) = -m**3 + 17*m**2 - 9*m - 556. Determine v(11).
71
Let i(m) = 355*m + 633. Determine i(-3).
-432
Let m(g) = 8*g**2 + 5*g + 22. What is m(-7)?
379
Let m(c) = -68*c - 24. What is m(0)?
-24
Let f(u) = 106*u + 5059. Calculate f(-48).
-29
Let b(m) = 238*m**2 + 25*m - 42. Give b(2).
960
Let p(m) = 65*m - 1453. Calculate p(25).
172
Let t(k) = 40*k**2 - 715*k - 28. What is t(18)?
62
Let d(t) = 22*t**2 + 593*t - 22. Calculate d(-27).
5
Let g(c) = -138*c - 965. Calculate g(-7).
1
Let a(y) = y**3 + 15*y**2 - 24*y - 75. Determine a(-16).
53
Let n(q) = q**2 + 536*q + 16113. Calculate n(-32).
-15
Let y(n) = 2814*n - 42204. Calculate y(15).
6
Let r(f) = f**3 + 13*f**2 + 70*f + 171. Give r(-6).
3
Let k(b) = -7*b - 727. Give k(-14).
-629
Let p(y) = 38*y + 1472. What is p(-33)?
218
Let s(o) = 3*o**2 + 322*o + 760. Determine s(-105).
25
Let w(y) = 46*y - 328. What is w(6)?
-52
Let u(i) = 56*i - 4. Determine u(-2).
-116
Let w(t) = -t**3 + 8*t**2 - 7*t + 9. Determine w(2).
19
Let d(x) = -x**3 + 64*x**2 + 648*x - 20. Give d(-9).
61
Let s(v) = -68*v - 8632. Calculate s(-127).
4
Let z(l) = -6*l**3 - 42*l**2 + 43*l + 1. Calculate z(1).
-4
Let h(u) = -32*u**2 + 19*u - 85. Determine h(4).
-521
Let v(z) = 4555*z - 22750. Determine v(5).
25
Let r(b) = 139*b + 837. What is r(-6)?
3
Let y(i) = -1187*i + 22547. Give y(19).
-6
Let k(l) = 2*l**3 + 35*l**2 + 38*l + 20. Determine k(-16).
180
Let h(t) = 6*t**2 - 24*t + 225. What is h(6)?
297
Let l(f) = -2*f**2 - 239*f + 604. Calculate l(-122).
-6
Let y(k) = 2*k**2 - 88*k - 273. Determine y(-3).
9
Let g(m) = -5236*m + 41916. Calculate g(8).
28
Let k(z) = 256*z + 11011. Give k(-43).
3
Let z(c) = 151*c - 53. Give z(0).
-53
Let g(k) = -k**3 - 40*k**2 + 5*k + 197. Determine g(-40).
-3
Let l(a) = 230*a - 6668. Determine l(29).
2
Let w(h) = 2*h**2 + 74*h - 157. Calculate w(-37).
-157
Let x(w) = -90*w + 725. What is x(8)?
5
Let b(m) = -22*m - 231. Calculate b(-11).
11
Let u(s) = -634*s + 1921. Determine u(3).
19
Let w(s) = 12*s**2 - 1855*s - 799. Give w(155).
-24
Let o(f) = -13*f**2 + 18*f - 19. Calculate o(2).
-35
Let h(u) = -u**3 + 92*u**2 - 153*u + 5630. What is h(91)?
-12
Let g(n) = -56*n - 509. Determine g(-8).
-61
Let t(d) = 22*d**3 - 78*d**2 - 76*d + 2. What is t(-1)?
-22
Let a(t) = -t**2 + 235*t + 2453. Determine a(-10).
3
Let w(d) = 70*d + 71. Determine w(1).
141
Let v(o) = 8*o - 38. Calculate v(10).
42
Let o(j) = 9*j**3 - 66*j**2 + 17*j - 67. Calculate o(7).
-95
Let n(u) = 7*u**2 + 104*u - 91. Determine n(-17).
164
Let b(j) = 1942*j + 23316. What is b(-12)?
12
Let w(n) = n**3 - 25*n**2 + 128*n - 11. What is w(7)?
3
Let s(y) = y**3 + 87*y**2 + 250*y - 205. Calculate s(-84).
-37
Let p(u) = -u**3 - 32*u**2 + 91*u + 791. What is p(-34)?
9
Let f(a) = -519*a**3 + 2*a**2 - 56*a - 57. Determine f(-1).
520
Let x(j) = -j**3 - 105*j**2 + 137*j + 14379. Calculate x(-105).
-6
Let j(s) = -4*s - 20. Calculate j(-1).
-16
Let a(t) = t**3 - 21*t**2 - 24*t - 17. Calculate a(22).
-61
Let c(a) = -257*a - 4362. What is c(-17)?
7
Let j(l) = l**3 + 48*l**2 - 510*l + 140. What is j(-57)?
-31
Let y(v) = -3*v**2 + 74*v + 173. Calculate y(27).
-16
Let d(y) = -4547*y - 104569. What is d(-23)?
12
L